{"id":50,"date":"2020-01-12T16:49:43","date_gmt":"2020-01-12T16:49:43","guid":{"rendered":"https:\/\/demo.themeansar.com\/newsup\/lite\/?page_id=50"},"modified":"2025-08-09T14:54:23","modified_gmt":"2025-08-09T20:54:23","slug":"home","status":"publish","type":"page","link":"https:\/\/zonalimitrofe-cbnr.com\/","title":{"rendered":"#Lerdo. PRESENTAN PRIMER TOUR DEL A\u00d1O EN \u2018TU FIN DE SEMANA EN LERDO\u2019*"},"content":{"rendered":"\n<p>Lerdo, 10 enero 2024.- A trav\u00e9s de la p\u00e1gina de Facebook del programa \u2018Tu Fin de Semana en Lerdo\u2019, se dio a conocer que el pr\u00f3ximo s\u00e1bado 13 de enero se visitar\u00e1 las Grutas del Rosario, esta ser\u00eda la primera actividad del a\u00f1o que realiza el equipo de Turismo de la diputada Susy Torrecillas y del Ayuntamiento de Lerdo, a cargo del Alcalde Homero Mart\u00ednez Cabrera.<\/p>\n\n\n\n<p>El recorrido iniciar\u00e1 a las 10:30 de la ma\u00f1ana, desde la Plazuela Benito Ju\u00e1rez hasta las Grutas del Rosario, donde los excursionistas podr\u00e1n apreciar las milenarias estalactitas y peculiares formas rocosas.<\/p>\n\n\n\n<p>Esta es una perfecta oportunidad para caminar y conectarse con la naturaleza, ya que para ingresar al lugar, es necesario subir una pronunciada cuesta de 500 metros (con m\u00e1s de 200 escalones), para despu\u00e9s descender al interior de las grutas.<\/p>\n\n\n\n<p>Para apartar lugar, es importante enviar un mensaje por medio del sitio de Facebook \u2018Tu fin de semana en Lerdo\u2019, ya que el cupo es limitado. El tour tiene un costo e incluye transporte, entrada a las Grutas del Rosario, comida, bebida y visita a una estaci\u00f3n sorpresa.<\/p>\n\n\n\n<p>Cabe destacar que esta iniciativa, realizada por la diputada local Susy Torrecillas, surgi\u00f3 en enero del a\u00f1o pasado con el prop\u00f3sito de potencializar el territorio lerdense, ofrecer tours guiados a los visitantes e impulsar el crecimiento econ\u00f3mico de comerciantes y empresarios lerdenses.<\/p>\n\n\n\n<p>La campa\u00f1a para la promoci\u00f3n de los parajes y lugares tur\u00edsticos, invita a la ciudadan\u00eda a vivir la experiencia de conocer los escenarios m\u00e1s populares y con historia en el municipio de Lerdo, en un tranv\u00eda y con un tour guiado. Es a trav\u00e9s de Facebook como se dan a conocer los recorridos de cada fin de semana.<\/p>\n","protected":false},"excerpt":{"rendered":"<p>Lerdo, 10 enero 2024.- A trav\u00e9s de la p\u00e1gina de Facebook del programa \u2018Tu Fin de Semana en Lerdo\u2019, se dio a conocer que el pr\u00f3ximo s\u00e1bado 13 de enero se visitar\u00e1 las Grutas del Rosario, esta ser\u00eda la primera actividad del a\u00f1o que realiza el equipo de Turismo de la diputada Susy Torrecillas y [&hellip;]<\/p>\n","protected":false},"author":1,"featured_media":16158,"parent":0,"menu_order":0,"comment_status":"closed","ping_status":"closed","template":"template-frontpage.php","meta":{"_monsterinsights_skip_tracking":false,"_monsterinsights_sitenote_active":false,"_monsterinsights_sitenote_note":"","_monsterinsights_sitenote_category":0,"footnotes":""},"_links":{"self":[{"href":"https:\/\/zonalimitrofe-cbnr.com\/index.php\/wp-json\/wp\/v2\/pages\/50"}],"collection":[{"href":"https:\/\/zonalimitrofe-cbnr.com\/index.php\/wp-json\/wp\/v2\/pages"}],"about":[{"href":"https:\/\/zonalimitrofe-cbnr.com\/index.php\/wp-json\/wp\/v2\/types\/page"}],"author":[{"embeddable":true,"href":"https:\/\/zonalimitrofe-cbnr.com\/index.php\/wp-json\/wp\/v2\/users\/1"}],"replies":[{"embeddable":true,"href":"https:\/\/zonalimitrofe-cbnr.com\/index.php\/wp-json\/wp\/v2\/comments?post=50"}],"version-history":[{"count":2,"href":"https:\/\/zonalimitrofe-cbnr.com\/index.php\/wp-json\/wp\/v2\/pages\/50\/revisions"}],"predecessor-version":[{"id":412,"href":"https:\/\/zonalimitrofe-cbnr.com\/index.php\/wp-json\/wp\/v2\/pages\/50\/revisions\/412"}],"wp:featuredmedia":[{"embeddable":true,"href":"https:\/\/zonalimitrofe-cbnr.com\/index.php\/wp-json\/wp\/v2\/media\/16158"}],"wp:attachment":[{"href":"https:\/\/zonalimitrofe-cbnr.com\/index.php\/wp-json\/wp\/v2\/media?parent=50"}],"curies":[{"name":"wp","href":"https:\/\/api.w.org\/{rel}","templated":true}]}}

#Lerdo. PRESENTAN PRIMER TOUR DEL AÑO EN ‘TU FIN DE SEMANA EN LERDO’*

<p>Lerdo, 10 enero 2024.- A través de la página de Facebook del programa ‘Tu Fin de Semana en Lerdo’, se dio a conocer que el próximo sábado 13 de enero se visitará las Grutas del Rosario, esta sería la primera actividad del año que realiza el equipo de Turismo de la diputada Susy Torrecillas y del Ayuntamiento de Lerdo, a cargo del Alcalde Homero Martínez Cabrera.</p>



<p>El recorrido iniciará a las 10:30 de la mañana, desde la Plazuela Benito Juárez hasta las Grutas del Rosario, donde los excursionistas podrán apreciar las milenarias estalactitas y peculiares formas rocosas.</p>



<p>Esta es una perfecta oportunidad para caminar y conectarse con la naturaleza, ya que para ingresar al lugar, es necesario subir una pronunciada cuesta de 500 metros (con más de 200 escalones), para después descender al interior de las grutas.</p>



<p>Para apartar lugar, es importante enviar un mensaje por medio del sitio de Facebook ‘Tu fin de semana en Lerdo’, ya que el cupo es limitado. El tour tiene un costo e incluye transporte, entrada a las Grutas del Rosario, comida, bebida y visita a una estación sorpresa.</p>



<p>Cabe destacar que esta iniciativa, realizada por la diputada local Susy Torrecillas, surgió en enero del año pasado con el propósito de potencializar el territorio lerdense, ofrecer tours guiados a los visitantes e impulsar el crecimiento económico de comerciantes y empresarios lerdenses.</p>



<p>La campaña para la promoción de los parajes y lugares turísticos, invita a la ciudadanía a vivir la experiencia de conocer los escenarios más populares y con historia en el municipio de Lerdo, en un tranvía y con un tour guiado. Es a través de Facebook como se dan a conocer los recorridos de cada fin de semana.</p>

<p>Lerdo, 10 enero 2024.- A través de la página de Facebook del programa ‘Tu Fin de Semana en Lerdo’, se dio a conocer que el próximo sábado 13 de enero se visitará las Grutas del Rosario, esta sería la primera actividad del año que realiza el equipo de Turismo de la diputada Susy Torrecillas y [&hellip;]</p>
